1770 and 576.
18
Calculate the highest common divisor of 156 and 1291824.
12
What is the greatest common divisor of 15362594 and 1326?
442
What is the highest common divisor of 30272 and 1496314?
86
What is the greatest common factor of 86849 and 2641?
19
Calculate the greatest common factor of 171072 and 97580736.
6336
What is the greatest common divisor of 1491156 and 178200?
108
Calculate the greatest common divisor of 88346928 and 192.
48
What is the greatest common factor of 10914 and 154722?
642
Calculate the greatest common factor of 36731815 and 51.
17
Calculate the highest common factor of 64375 and 235625.
625
Calculate the greatest common factor of 1420432 and 41522.
26
Calculate the greatest common factor of 1546129 and 65.
13
What is the greatest common factor of 7031 and 7750298?
89
What is the highest common divisor of 1225 and 272004635?
245
What is the highest common divisor of 205941 and 21?
3
Calculate the highest common divisor of 674920 and 86878.
718
What is the highest common factor of 45682442 and 446?
446
Calculate the greatest common divisor of 6584 and 55608464.
6584
Calculate the greatest common factor of 43418 and 8194.
34
Calculate the greatest common factor of 1690295519 and 1067.
1067
What is the greatest common factor of 16932898 and 18186?
866
Calculate the highest common factor of 170052 and 67044.
444
What is the greatest common divisor of 4030 and 14515130?
310
Calculate the highest common factor of 82733070 and 249594.
14682
What is the highest common factor of 896039 and 159517?
269
What is the greatest common divisor of 397683 and 73827?
117
What is the highest common divisor of 199675 and 846475?
1225
Calculate the highest common divisor of 38732 and 486680.
92
What is the greatest common divisor of 21437 and 64284519?
1261
What is the highest common factor of 6689709 and 25677?
81
What is the highest common factor of 4588857 and 5551?
91
Calculate the greatest common divisor of 16 and 202004968.
8
Calculate the greatest common divisor of 233825970 and 1596.
798
Calculate the greatest common divisor of 98451180 and 15.
15
Calculate the greatest common factor of 5480 and 32894248.
1096
Calculate the greatest common divisor of 53728 and 529276.
92
Calculate the highest common divisor of 6997740 and 28544.
892
What is the greatest common factor of 176 and 5226133?
11
Calculate the highest common divisor of 1908 and 21516696.
36
What is the greatest common divisor of 1472 and 140928?
64
Calculate the highest common divisor of 860 and 8445830.
10
Calculate the highest common divisor of 27184700 and 75.
25
What is the greatest common factor of 587659010 and 21524?
10762
What is the greatest common factor of 5418 and 106253?
301
Calculate the highest common factor of 3770 and 1642550.
130
Calculate the greatest common divisor of 14 and 14901131.
7
Calculate the highest common factor of 126759 and 385857.
93
What is the greatest common divisor of 732765 and 646470?
165
Calculate the greatest common divisor of 3494920 and 8320.
520
Calculate the greatest common divisor of 71009622 and 3.
3
What is the highest common factor of 70 and 56618?
2
What is the highest common factor of 49 and 243288514?
7
Calculate the greatest common divisor of 1029574 and 3328.
26
Calculate the greatest common factor of 32721 and 43615.
13
What is the greatest common factor of 2340672 and 52104?
4008
Calculate the highest common factor of 3205180 and 92556.
3428
Calculate the highest common factor of 1268161 and 1424.
89
What is the highest common factor of 57763657 and 189?
7
What is the greatest common factor of 142569 and 259?
7
Calculate the highest common divisor of 355233 and 24.
3
What is the highest common factor of 229793 and 11536?
103
What is the highest common divisor of 1456833 and 4025238?
8421
Calculate the highest common factor of 12717681 and 31495.
6299
Calculate the highest common factor of 5059142 and 374.
22
What is the greatest common factor of 563138 and 1400572?
2078
Calculate the highest common divisor of 263221 and 72044.
217
What is the greatest common divisor of 4965840 and 395307?
3267
What is the highest common factor of 18220056 and 1428?
204
Calculate the greatest common divisor of 1482963 and 111.
3
What is the greatest common factor of 1552512007 and 134?
67
What is the highest common divisor of 1860 and 7236268?
124
Calculate the highest common factor of 2096568 and 45732.
444
What is the greatest common divisor of 125 and 1592515?
5
What is the highest common divisor of 22594 and 2003144?
286
What is the greatest common factor of 3080 and 4429480?
440
What is the greatest common divisor of 36577 and 1052399?
463
Calculate the greatest common divisor of 15786 and 48863809.
877
Calculate the highest common divisor of 625056 and 86558.
766
Calculate the greatest common factor of 23475888 and 144.
144
What is the highest common divisor of 2820 and 2494920?
60
What is the greatest common divisor of 32 and 174368992?
32
What is the highest common divisor of 28 and 11947663?
7
Calculate the greatest common divisor of 138001192 and 14.
14
What is the highest common factor of 43825336 and 32?
8
What is the greatest common factor of 10934 and 11235532?
154
Calculate the greatest common divisor of 4604052 and 3.
3
Calculate the greatest common divisor of 8394 and 14784632.
2798
Calculate the greatest common factor of 1786 and 11928036.
94
What is the highest common divisor of 138450543 and 2079?
231
What is the greatest common factor of 4045012 and 2272?
284
Calculate the highest common divisor of 295 and 115435.
5
Calculate the greatest common divisor of 1472811 and 12.
3
What is the highest common divisor of 421863183 and 56?
7
Calculate the highest common factor of 40 and 14738328.
8
Calculate the highest common divisor of 2352614 and 99.
11
Calculate the greatest common factor of 3535393 and 492416.
3847
What is the greatest common factor of 2744214 and 4983?
33
Calculate the greatest common divisor of 5224806 and 21582.
1962
Calculate the greatest common divisor of 1126417 and 1338865.
2213
Calculate the greatest common divisor of 56 and 2579143.
7
What is the greatest common divisor of 32 and 13520?
16
What is the greatest common divisor of 200037966 and 19?
19
Calculate the greatest common factor of 30738336 and 72.
24
Calculate the highest common divisor of 1839141 and 1754433.
1629
Calculate the highest common divisor of 53620 and 39784508.
1532
What is the highest common factor of 8319 and 71862?
177
What is the greatest common factor of 50 and 69338570?
10
What is the highest common factor of 5656604 and 7924?
1132
What is the greatest common divisor of 149896 and 2752576?
328
Calculate the greatest common divisor of 151556065 and 95.
95
Calculate the highest common divisor of 9229 and 39477467.
839
What is the greatest common divisor of 8719454 and 631290?
3826
What is the highest common divisor of 659325 and 963175?
1475
Calculate the highest common divisor of 196 and 484252.
4
What is the highest common divisor of 8622804 and 36?
12
What is the highest common divisor of 2457331 and 5932?
1483
Calculate the highest common divisor of 4360 and 856580860.
2180
What is the highest common divisor of 184 and 7450344?
184
Calculate the greatest common divisor of 560 and 423468710.
70
Calculate the greatest common factor of 184461615 and 731.
43
Calculate the highest common factor of 726883 and 2223.
19
What is the highest common divisor of 5710206 and 1022?
146
What is the highest common divisor of 7200 and 722042400?
2400
Calculate the greatest common divisor of 28 and 36302.
14
Calculate the highest common divisor of 5546488 and 238.
34
What is the greatest common factor of 3467529 and 534?
267
Calculate the highest common factor of 276 and 12185124.
276
What is the highest common divisor of 15067922 and 806?
62
Calculate the highest common divisor of 16 and 12836996.
4
What is the greatest common divisor of 422 and 7705931?
211
What is the greatest common factor of 8463640 and 5027?
457
Calculate the highest common factor of 84388 and 75044.
292
What is the highest common factor of 432 and 10787268?
12
Calculate the greatest common factor of 10055247 and 3.
3
Calculate the highest common divisor 